{"id":2615,"date":"2021-05-06T22:20:28","date_gmt":"2021-05-06T20:20:28","guid":{"rendered":"https:\/\/kjkancelaria.com\/?page_id=2615"},"modified":"2021-10-19T21:22:15","modified_gmt":"2021-10-19T19:22:15","slug":"kontakt","status":"publish","type":"page","link":"https:\/\/kjkancelaria.com\/?page_id=2615","title":{"rendered":"Kontakt"},"content":{"rendered":"\t\t<div data-elementor-type=\"wp-page\" data-elementor-id=\"2615\" class=\"elementor elementor-2615\">\n\t\t\t\t\t\t<section class=\"elementor-section elementor-top-section elementor-element elementor-element-07d0901 elementor-section-full_width elementor-section-height-default elementor-section-height-default elementor-invisible\" data-id=\"07d0901\" data-element_type=\"section\" data-e-type=\"section\" data-settings=\"{&quot;animation&quot;:&quot;fadeIn&quot;}\">\n\t\t\t\t\t\t<div class=\"elementor-container elementor-column-gap-default\">\n\t\t\t\t\t<div class=\"elementor-column elementor-col-100 elementor-top-column elementor-element elementor-element-4dc464d\" data-id=\"4dc464d\" data-element_type=\"column\" data-e-type=\"column\">\n\t\t\t<div class=\"elementor-widget-wrap elementor-element-populated\">\n\t\t\t\t\t\t<div class=\"elementor-element elementor-element-5f5d8a2 elementor-widget elementor-widget-heading\" data-id=\"5f5d8a2\" data-element_type=\"widget\" data-e-type=\"widget\" data-widget_type=\"heading.default\">\n\t\t\t\t<div class=\"elementor-widget-container\">\n\t\t\t\t\t<h1 class=\"elementor-heading-title elementor-size-default\">Skontaktuj si\u0119 z nami\n<\/h1>\t\t\t\t<\/div>\n\t\t\t\t<\/div>\n\t\t\t\t\t<\/div>\n\t\t<\/div>\n\t\t\t\t\t<\/div>\n\t\t<\/section>\n\t\t\t\t<section class=\"elementor-section elementor-top-section elementor-element elementor-element-aeb600b elementor-section-full_width elementor-section-height-default elementor-section-height-default elementor-invisible\" data-id=\"aeb600b\" data-element_type=\"section\" data-e-type=\"section\" data-settings=\"{&quot;background_background&quot;:&quot;classic&quot;,&quot;animation&quot;:&quot;fadeIn&quot;}\">\n\t\t\t\t\t\t<div class=\"elementor-container elementor-column-gap-default\">\n\t\t\t\t\t<div class=\"elementor-column elementor-col-50 elementor-top-column elementor-element elementor-element-fe0e438\" data-id=\"fe0e438\" data-element_type=\"column\" data-e-type=\"column\" data-settings=\"{&quot;background_background&quot;:&quot;classic&quot;}\">\n\t\t\t<div class=\"elementor-widget-wrap elementor-element-populated\">\n\t\t\t\t\t\t<div class=\"elementor-element elementor-element-54e30b2 elementor-widget elementor-widget-heading\" data-id=\"54e30b2\" data-element_type=\"widget\" data-e-type=\"widget\" data-widget_type=\"heading.default\">\n\t\t\t\t<div class=\"elementor-widget-container\">\n\t\t\t\t\t<h4 class=\"elementor-heading-title elementor-size-default\">Dane kontaktowe<\/h4>\t\t\t\t<\/div>\n\t\t\t\t<\/div>\n\t\t\t\t<div class=\"elementor-element elementor-element-0104975 elementor-widget elementor-widget-spacer\" data-id=\"0104975\" data-element_type=\"widget\" data-e-type=\"widget\" data-widget_type=\"spacer.default\">\n\t\t\t\t<div class=\"elementor-widget-container\">\n\t\t\t\t\t\t\t<div class=\"elementor-spacer\">\n\t\t\t<div class=\"elementor-spacer-inner\"><\/div>\n\t\t<\/div>\n\t\t\t\t\t\t<\/div>\n\t\t\t\t<\/div>\n\t\t\t\t<section class=\"elementor-section elementor-inner-section elementor-element elementor-element-6b7e511 elementor-section-boxed elementor-section-height-default elementor-section-height-default\" data-id=\"6b7e511\" data-element_type=\"section\" data-e-type=\"section\">\n\t\t\t\t\t\t<div class=\"elementor-container elementor-column-gap-default\">\n\t\t\t\t\t<div class=\"elementor-column elementor-col-50 elementor-inner-column elementor-element elementor-element-44d7167\" data-id=\"44d7167\" data-element_type=\"column\" data-e-type=\"column\">\n\t\t\t<div class=\"elementor-widget-wrap elementor-element-populated\">\n\t\t\t\t\t\t<div class=\"elementor-element elementor-element-afd4069 elementor-widget elementor-widget-text-editor\" data-id=\"afd4069\" data-element_type=\"widget\" data-e-type=\"widget\" data-widget_type=\"text-editor.default\">\n\t\t\t\t<div class=\"elementor-widget-container\">\n\t\t\t\t\t\t\t\t\t<p><strong>KJ Kancelaria<\/strong><br \/><strong>Dr Katarzyna Janaczek<\/strong><br \/>Doradztwo, Us\u0142ugi, Szkolenia<\/p><div class=\"full-company-data-box__nip\"><b>NIP:<\/b>\u00a05491547442<\/div><div class=\"full-company-data-box__regon\"><b>REGON:<\/b>\u00a0382465467<\/div>\t\t\t\t\t\t\t\t<\/div>\n\t\t\t\t<\/div>\n\t\t\t\t\t<\/div>\n\t\t<\/div>\n\t\t\t\t<div class=\"elementor-column elementor-col-50 elementor-inner-column elementor-element elementor-element-84687b5\" data-id=\"84687b5\" data-element_type=\"column\" data-e-type=\"column\">\n\t\t\t<div class=\"elementor-widget-wrap\">\n\t\t\t\t\t\t\t<\/div>\n\t\t<\/div>\n\t\t\t\t\t<\/div>\n\t\t<\/section>\n\t\t\t\t<div class=\"elementor-element elementor-element-bff5251 elementor-icon-list--layout-traditional elementor-list-item-link-full_width elementor-widget elementor-widget-icon-list\" data-id=\"bff5251\" data-element_type=\"widget\" data-e-type=\"widget\" data-widget_type=\"icon-list.default\">\n\t\t\t\t<div class=\"elementor-widget-container\">\n\t\t\t\t\t\t\t<ul class=\"elementor-icon-list-items\">\n\t\t\t\t\t\t\t<li class=\"elementor-icon-list-item\">\n\t\t\t\t\t\t\t\t\t\t\t<span class=\"elementor-icon-list-icon\">\n\t\t\t\t\t\t\t<i aria-hidden=\"true\" class=\"fas fa-map-marker-alt\"><\/i>\t\t\t\t\t\t<\/span>\n\t\t\t\t\t\t\t\t\t\t<span class=\"elementor-icon-list-text\">43-300\u00a0Bielsko-Bia\u0142a<br>ul.\u00a0Micha\u0142owicza\u00a012<\/span>\n\t\t\t\t\t\t\t\t\t<\/li>\n\t\t\t\t\t\t\t\t<li class=\"elementor-icon-list-item\">\n\t\t\t\t\t\t\t\t\t\t\t<a href=\"tel:+48608331741\">\n\n\t\t\t\t\t\t\t\t\t\t\t\t<span class=\"elementor-icon-list-icon\">\n\t\t\t\t\t\t\t<i aria-hidden=\"true\" class=\"fas fa-phone-alt\"><\/i>\t\t\t\t\t\t<\/span>\n\t\t\t\t\t\t\t\t\t\t<span class=\"elementor-icon-list-text\">+48 608 331 741<\/span>\n\t\t\t\t\t\t\t\t\t\t\t<\/a>\n\t\t\t\t\t\t\t\t\t<\/li>\n\t\t\t\t\t\t\t\t<li class=\"elementor-icon-list-item\">\n\t\t\t\t\t\t\t\t\t\t\t<a href=\"mailto:biuro@kjkancelaria.com\">\n\n\t\t\t\t\t\t\t\t\t\t\t\t<span class=\"elementor-icon-list-icon\">\n\t\t\t\t\t\t\t<i aria-hidden=\"true\" class=\"fas fa-mail-bulk\"><\/i>\t\t\t\t\t\t<\/span>\n\t\t\t\t\t\t\t\t\t\t<span class=\"elementor-icon-list-text\"><\/span>\n\t\t\t\t\t\t\t\t\t\t\t<\/a>\n\t\t\t\t\t\t\t\t\t<\/li>\n\t\t\t\t\t\t\t\t<li class=\"elementor-icon-list-item\">\n\t\t\t\t\t\t\t\t\t\t\t<span class=\"elementor-icon-list-icon\">\n\t\t\t\t\t\t\t<i aria-hidden=\"true\" class=\"fas fa-check\"><\/i>\t\t\t\t\t\t<\/span>\n\t\t\t\t\t\t\t\t\t\t<span class=\"elementor-icon-list-text\">kj.kancelaria.bielsko@gmail.com <\/span>\n\t\t\t\t\t\t\t\t\t<\/li>\n\t\t\t\t\t\t<\/ul>\n\t\t\t\t\t\t<\/div>\n\t\t\t\t<\/div>\n\t\t\t\t\t<\/div>\n\t\t<\/div>\n\t\t\t\t<div class=\"elementor-column elementor-col-50 elementor-top-column elementor-element elementor-element-29e890f\" data-id=\"29e890f\" data-element_type=\"column\" data-e-type=\"column\" data-settings=\"{&quot;background_background&quot;:&quot;classic&quot;}\">\n\t\t\t<div class=\"elementor-widget-wrap elementor-element-populated\">\n\t\t\t\t\t\t<div class=\"elementor-element elementor-element-a1f57a0 elementor-widget elementor-widget-heading\" data-id=\"a1f57a0\" data-element_type=\"widget\" data-e-type=\"widget\" data-widget_type=\"heading.default\">\n\t\t\t\t<div class=\"elementor-widget-container\">\n\t\t\t\t\t<h4 class=\"elementor-heading-title elementor-size-default\">Formularz kontaktowy<\/h4>\t\t\t\t<\/div>\n\t\t\t\t<\/div>\n\t\t\t\t<div class=\"elementor-element elementor-element-2116ede elementor-widget elementor-widget-text-editor\" data-id=\"2116ede\" data-element_type=\"widget\" data-e-type=\"widget\" data-widget_type=\"text-editor.default\">\n\t\t\t\t<div class=\"elementor-widget-container\">\n\t\t\t\t\t\t\t\t\t\n<div class=\"wpcf7 no-js\" id=\"wpcf7-f386-o1\" lang=\"en-US\" dir=\"ltr\" data-wpcf7-id=\"386\">\n<div class=\"screen-reader-response\"><p role=\"status\" aria-live=\"polite\" aria-atomic=\"true\"><\/p> <ul><\/ul><\/div>\n<form action=\"\/index.php?rest_route=%2Fwp%2Fv2%2Fpages%2F2615#wpcf7-f386-o1\" method=\"post\" class=\"wpcf7-form init\" aria-label=\"Contact form\" novalidate=\"novalidate\" data-status=\"init\">\n<fieldset class=\"hidden-fields-container\"><input type=\"hidden\" name=\"_wpcf7\" value=\"386\" \/><input type=\"hidden\" name=\"_wpcf7_version\" value=\"6.1.5\" \/><input type=\"hidden\" name=\"_wpcf7_locale\" value=\"en_US\" \/><input type=\"hidden\" name=\"_wpcf7_unit_tag\" value=\"wpcf7-f386-o1\" \/><input type=\"hidden\" name=\"_wpcf7_container_post\" value=\"0\" \/><input type=\"hidden\" name=\"_wpcf7_posted_data_hash\" value=\"\" \/><input type=\"hidden\" name=\"_wpcf7_recaptcha_response\" value=\"\" \/>\n<\/fieldset>\n<div class=\"contact-business-form\">\n\t<div class=\"row\">\n\t\t<div class=\"col-md-12\">\n\t\t\t<p><span class=\"wpcf7-form-control-wrap\" data-name=\"imie-nazwisko\"><input size=\"40\" maxlength=\"400\" class=\"wpcf7-form-control wpcf7-text wpcf7-validates-as-required form-control\" aria-required=\"true\" aria-invalid=\"false\" placeholder=\"Imi\u0119 i nazwisko\" value=\"\" type=\"text\" name=\"imie-nazwisko\" \/><\/span>\n\t\t\t<\/p>\n\t\t<\/div>\n\t\t<div class=\"col-md-12\">\n\t\t\t<p><span class=\"wpcf7-form-control-wrap\" data-name=\"email\"><input size=\"40\" maxlength=\"400\" class=\"wpcf7-form-control wpcf7-email wpcf7-validates-as-required wpcf7-text wpcf7-validates-as-email form-control\" aria-required=\"true\" aria-invalid=\"false\" placeholder=\"Adres e-mail\" value=\"\" type=\"email\" name=\"email\" \/><\/span>\n\t\t\t<\/p>\n\t\t<\/div>\n\t\t<div class=\"col-md-12\">\n\t\t\t<p><span class=\"wpcf7-form-control-wrap\" data-name=\"telefon\"><input size=\"40\" maxlength=\"400\" class=\"wpcf7-form-control wpcf7-tel wpcf7-validates-as-required wpcf7-text wpcf7-validates-as-tel form-control\" aria-required=\"true\" aria-invalid=\"false\" placeholder=\"Numer telefonu\" value=\"\" type=\"tel\" name=\"telefon\" \/><\/span>\n\t\t\t<\/p>\n\t\t\t<div class=\"d-md-flex justify-content-between align-items-end\">\n\t\t\t\t<p><span class=\"wpcf7-form-control-wrap\" data-name=\"wiadomosc\"><textarea cols=\"55\" rows=\"4\" maxlength=\"2000\" class=\"wpcf7-form-control wpcf7-textarea form-control\" aria-invalid=\"false\" placeholder=\"Wiadomo\u015b\u0107\" name=\"wiadomosc\"><\/textarea><\/span>\n\t\t\t\t<\/p>\n\t\t\t\t<div class=\"submit-form m-2 bg-primary\">\n\t\t\t\t\t<p><input class=\"wpcf7-form-control wpcf7-submit has-spinner\" type=\"submit\" value=\"Wy\u015blij\" \/>\n\t\t\t\t\t<\/p>\n\t\t\t\t<\/div>\n\t\t\t<\/div>\n\t\t<\/div>\n\t\t<p><small><span class=\"wpcf7-form-control-wrap\" data-name=\"acceptance-569\"><span class=\"wpcf7-form-control wpcf7-acceptance\"><span class=\"wpcf7-list-item\"><label><input type=\"checkbox\" name=\"acceptance-569\" value=\"1\" aria-invalid=\"false\" \/><span class=\"wpcf7-list-item-label\">Przyjmuj\u0119 do wiadomo\u015bci, \u017ce administratorem moich danych osobowych jest KJ Kancelaria Dr Katarzyna Janaczek z siedzib\u0105 43-300 Bielsko-Bia\u0142a\nul. Micha\u0142owicza 12.<\/span><\/label><\/span><\/span><\/span><\/small>\n\t\t<\/p>\n\t<\/div>\n<\/div><div class=\"wpcf7-response-output\" aria-hidden=\"true\"><\/div>\n<\/form>\n<\/div>\n\t\t\t\t\t\t\t\t<\/div>\n\t\t\t\t<\/div>\n\t\t\t\t\t<\/div>\n\t\t<\/div>\n\t\t\t\t\t<\/div>\n\t\t<\/section>\n\t\t\t\t<\/div>\n\t\t","protected":false},"excerpt":{"rendered":"<p>Skontaktuj si\u0119 z nami Dane kontaktowe KJ KancelariaDr Katarzyna JanaczekDoradztwo, Us\u0142ugi, SzkoleniaNIP:\u00a05491547442REGON:\u00a0382465467 43-300\u00a0Bielsko-Bia\u0142aul.\u00a0Micha\u0142owicza\u00a012 +48 608 331 741 kj.kancelaria.bielsko@gmail.com Formularz kontaktowy<\/p>\n","protected":false},"author":2,"featured_media":0,"parent":0,"menu_order":0,"comment_status":"closed","ping_status":"closed","template":"","meta":{"footnotes":""},"class_list":["post-2615","page","type-page","status-publish","hentry"],"yoast_head":"<!-- This site is optimized with the Yoast SEO plugin v27.4 - https:\/\/yoast.com\/product\/yoast-seo-wordpress\/ -->\n<title>Kontakt &#8226; KJ Kancelaria - dr Katarzyna Janaczek<\/title>\n<meta name=\"robots\" content=\"index, follow, max-snippet:-1, max-image-preview:large, max-video-preview:-1\" \/>\n<link rel=\"canonical\" href=\"https:\/\/kjkancelaria.com\/?page_id=2615\" \/>\n<meta property=\"og:locale\" content=\"pl_PL\" \/>\n<meta property=\"og:type\" content=\"article\" \/>\n<meta property=\"og:title\" content=\"Kontakt &#8226; KJ Kancelaria - dr Katarzyna Janaczek\" \/>\n<meta property=\"og:description\" content=\"Skontaktuj si\u0119 z nami Dane kontaktowe KJ KancelariaDr Katarzyna JanaczekDoradztwo, Us\u0142ugi, SzkoleniaNIP:\u00a05491547442REGON:\u00a0382465467 43-300\u00a0Bielsko-Bia\u0142aul.\u00a0Micha\u0142owicza\u00a012 +48 608 331 741 kj.kancelaria.bielsko@gmail.com Formularz kontaktowy\" \/>\n<meta property=\"og:url\" content=\"https:\/\/kjkancelaria.com\/?page_id=2615\" \/>\n<meta property=\"og:site_name\" content=\"KJ Kancelaria - dr Katarzyna Janaczek\" \/>\n<meta property=\"article:modified_time\" content=\"2021-10-19T19:22:15+00:00\" \/>\n<meta name=\"twitter:card\" content=\"summary_large_image\" \/>\n<meta name=\"twitter:label1\" content=\"Szacowany czas czytania\" \/>\n\t<meta name=\"twitter:data1\" content=\"1 minuta\" \/>\n<script type=\"application\/ld+json\" class=\"yoast-schema-graph\">{\"@context\":\"https:\\\/\\\/schema.org\",\"@graph\":[{\"@type\":\"WebPage\",\"@id\":\"https:\\\/\\\/kjkancelaria.com\\\/?page_id=2615\",\"url\":\"https:\\\/\\\/kjkancelaria.com\\\/?page_id=2615\",\"name\":\"Kontakt &#8226; KJ Kancelaria - dr Katarzyna Janaczek\",\"isPartOf\":{\"@id\":\"https:\\\/\\\/kjkancelaria.com\\\/#website\"},\"datePublished\":\"2021-05-06T20:20:28+00:00\",\"dateModified\":\"2021-10-19T19:22:15+00:00\",\"breadcrumb\":{\"@id\":\"https:\\\/\\\/kjkancelaria.com\\\/?page_id=2615#breadcrumb\"},\"inLanguage\":\"pl-PL\",\"potentialAction\":[{\"@type\":\"ReadAction\",\"target\":[\"https:\\\/\\\/kjkancelaria.com\\\/?page_id=2615\"]}]},{\"@type\":\"BreadcrumbList\",\"@id\":\"https:\\\/\\\/kjkancelaria.com\\\/?page_id=2615#breadcrumb\",\"itemListElement\":[{\"@type\":\"ListItem\",\"position\":1,\"name\":\"Home\",\"item\":\"https:\\\/\\\/kjkancelaria.com\\\/\"},{\"@type\":\"ListItem\",\"position\":2,\"name\":\"Kontakt\"}]},{\"@type\":\"WebSite\",\"@id\":\"https:\\\/\\\/kjkancelaria.com\\\/#website\",\"url\":\"https:\\\/\\\/kjkancelaria.com\\\/\",\"name\":\"KJ Kancelaria - dr Katarzyna Janaczek - Doradztwo, Us\u0142ugi, Szkolenia\",\"description\":\"Doradztwo, us\u0142ugi, szkolenia - outsourcing kadr i p\u0142ac\",\"publisher\":{\"@id\":\"https:\\\/\\\/kjkancelaria.com\\\/#organization\"},\"potentialAction\":[{\"@type\":\"SearchAction\",\"target\":{\"@type\":\"EntryPoint\",\"urlTemplate\":\"https:\\\/\\\/kjkancelaria.com\\\/?s={search_term_string}\"},\"query-input\":{\"@type\":\"PropertyValueSpecification\",\"valueRequired\":true,\"valueName\":\"search_term_string\"}}],\"inLanguage\":\"pl-PL\"},{\"@type\":\"Organization\",\"@id\":\"https:\\\/\\\/kjkancelaria.com\\\/#organization\",\"name\":\"KJ Kancelaria dr Katarzyna Janaczek Doradztwo, Us\u0142ugi, Szkolenia\",\"url\":\"https:\\\/\\\/kjkancelaria.com\\\/\",\"logo\":{\"@type\":\"ImageObject\",\"inLanguage\":\"pl-PL\",\"@id\":\"https:\\\/\\\/kjkancelaria.com\\\/#\\\/schema\\\/logo\\\/image\\\/\",\"url\":\"https:\\\/\\\/kjkancelaria.com\\\/wp-content\\\/uploads\\\/2021\\\/05\\\/982bf362b1e94ed5a2c1cacd24d3972d-2-1.png\",\"contentUrl\":\"https:\\\/\\\/kjkancelaria.com\\\/wp-content\\\/uploads\\\/2021\\\/05\\\/982bf362b1e94ed5a2c1cacd24d3972d-2-1.png\",\"width\":200,\"height\":200,\"caption\":\"KJ Kancelaria dr Katarzyna Janaczek Doradztwo, Us\u0142ugi, Szkolenia\"},\"image\":{\"@id\":\"https:\\\/\\\/kjkancelaria.com\\\/#\\\/schema\\\/logo\\\/image\\\/\"}}]}<\/script>\n<!-- \/ Yoast SEO plugin. -->","yoast_head_json":{"title":"Kontakt &#8226; KJ Kancelaria - dr Katarzyna Janaczek","robots":{"index":"index","follow":"follow","max-snippet":"max-snippet:-1","max-image-preview":"max-image-preview:large","max-video-preview":"max-video-preview:-1"},"canonical":"https:\/\/kjkancelaria.com\/?page_id=2615","og_locale":"pl_PL","og_type":"article","og_title":"Kontakt &#8226; KJ Kancelaria - dr Katarzyna Janaczek","og_description":"Skontaktuj si\u0119 z nami Dane kontaktowe KJ KancelariaDr Katarzyna JanaczekDoradztwo, Us\u0142ugi, SzkoleniaNIP:\u00a05491547442REGON:\u00a0382465467 43-300\u00a0Bielsko-Bia\u0142aul.\u00a0Micha\u0142owicza\u00a012 +48 608 331 741 kj.kancelaria.bielsko@gmail.com Formularz kontaktowy","og_url":"https:\/\/kjkancelaria.com\/?page_id=2615","og_site_name":"KJ Kancelaria - dr Katarzyna Janaczek","article_modified_time":"2021-10-19T19:22:15+00:00","twitter_card":"summary_large_image","twitter_misc":{"Szacowany czas czytania":"1 minuta"},"schema":{"@context":"https:\/\/schema.org","@graph":[{"@type":"WebPage","@id":"https:\/\/kjkancelaria.com\/?page_id=2615","url":"https:\/\/kjkancelaria.com\/?page_id=2615","name":"Kontakt &#8226; KJ Kancelaria - dr Katarzyna Janaczek","isPartOf":{"@id":"https:\/\/kjkancelaria.com\/#website"},"datePublished":"2021-05-06T20:20:28+00:00","dateModified":"2021-10-19T19:22:15+00:00","breadcrumb":{"@id":"https:\/\/kjkancelaria.com\/?page_id=2615#breadcrumb"},"inLanguage":"pl-PL","potentialAction":[{"@type":"ReadAction","target":["https:\/\/kjkancelaria.com\/?page_id=2615"]}]},{"@type":"BreadcrumbList","@id":"https:\/\/kjkancelaria.com\/?page_id=2615#breadcrumb","itemListElement":[{"@type":"ListItem","position":1,"name":"Home","item":"https:\/\/kjkancelaria.com\/"},{"@type":"ListItem","position":2,"name":"Kontakt"}]},{"@type":"WebSite","@id":"https:\/\/kjkancelaria.com\/#website","url":"https:\/\/kjkancelaria.com\/","name":"KJ Kancelaria - dr Katarzyna Janaczek - Doradztwo, Us\u0142ugi, Szkolenia","description":"Doradztwo, us\u0142ugi, szkolenia - outsourcing kadr i p\u0142ac","publisher":{"@id":"https:\/\/kjkancelaria.com\/#organization"},"potentialAction":[{"@type":"SearchAction","target":{"@type":"EntryPoint","urlTemplate":"https:\/\/kjkancelaria.com\/?s={search_term_string}"},"query-input":{"@type":"PropertyValueSpecification","valueRequired":true,"valueName":"search_term_string"}}],"inLanguage":"pl-PL"},{"@type":"Organization","@id":"https:\/\/kjkancelaria.com\/#organization","name":"KJ Kancelaria dr Katarzyna Janaczek Doradztwo, Us\u0142ugi, Szkolenia","url":"https:\/\/kjkancelaria.com\/","logo":{"@type":"ImageObject","inLanguage":"pl-PL","@id":"https:\/\/kjkancelaria.com\/#\/schema\/logo\/image\/","url":"https:\/\/kjkancelaria.com\/wp-content\/uploads\/2021\/05\/982bf362b1e94ed5a2c1cacd24d3972d-2-1.png","contentUrl":"https:\/\/kjkancelaria.com\/wp-content\/uploads\/2021\/05\/982bf362b1e94ed5a2c1cacd24d3972d-2-1.png","width":200,"height":200,"caption":"KJ Kancelaria dr Katarzyna Janaczek Doradztwo, Us\u0142ugi, Szkolenia"},"image":{"@id":"https:\/\/kjkancelaria.com\/#\/schema\/logo\/image\/"}}]}},"_links":{"self":[{"href":"https:\/\/kjkancelaria.com\/index.php?rest_route=\/wp\/v2\/pages\/2615","targetHints":{"allow":["GET"]}}],"collection":[{"href":"https:\/\/kjkancelaria.com\/index.php?rest_route=\/wp\/v2\/pages"}],"about":[{"href":"https:\/\/kjkancelaria.com\/index.php?rest_route=\/wp\/v2\/types\/page"}],"author":[{"embeddable":true,"href":"https:\/\/kjkancelaria.com\/index.php?rest_route=\/wp\/v2\/users\/2"}],"replies":[{"embeddable":true,"href":"https:\/\/kjkancelaria.com\/index.php?rest_route=%2Fwp%2Fv2%2Fcomments&post=2615"}],"version-history":[{"count":66,"href":"https:\/\/kjkancelaria.com\/index.php?rest_route=\/wp\/v2\/pages\/2615\/revisions"}],"predecessor-version":[{"id":3220,"href":"https:\/\/kjkancelaria.com\/index.php?rest_route=\/wp\/v2\/pages\/2615\/revisions\/3220"}],"wp:attachment":[{"href":"https:\/\/kjkancelaria.com\/index.php?rest_route=%2Fwp%2Fv2%2Fmedia&parent=2615"}],"curies":[{"name":"wp","href":"https:\/\/api.w.org\/{rel}","templated":true}]}}